{"id":87,"date":"2021-03-11T19:37:31","date_gmt":"2021-03-11T19:37:31","guid":{"rendered":"https:\/\/inis.com.co\/?page_id=87"},"modified":"2021-03-12T18:23:06","modified_gmt":"2021-03-12T18:23:06","slug":"proteccion-social","status":"publish","type":"page","link":"https:\/\/inis.com.co\/index.php\/proteccion-social\/","title":{"rendered":"Protecci\u00f3n Social"},"content":{"rendered":"[mk_page_section bg_image=\u00bbhttps:\/\/inis.com.co\/wp-content\/uploads\/2021\/03\/Quienes-somos-banner.jpg\u00bb bg_position=\u00bbcenter center\u00bb sidebar=\u00bbsidebar-1&#8243;][vc_column][mk_fancy_title color=\u00bb#ffffff\u00bb size=\u00bb40&#8243; font_weight=\u00bbbold\u00bb margin_top=\u00bb10&#8243; margin_bottom=\u00bb10&#8243; font_family=\u00bbnone\u00bb align=\u00bbcenter\u00bb]Centro de Protecci\u00f3n e inclusi\u00f3n social[\/mk_fancy_title][\/vc_column][\/mk_page_section][mk_page_section][vc_column][\/vc_column][\/mk_page_section][mk_page_section][vc_column][vc_row_inner][vc_column_inner][vc_column_text align=\u00bbcenter\u00bb]\n<h3 style=\"text-align: center;\">Subdirecci\u00f3n de Protecci\u00f3n e inclusi\u00f3n social es una unidad acad\u00e9mica y administrativa del Instituto Nacional de Investigaci\u00f3n social<\/h3>\n[\/vc_column_text][mk_divider style=\u00bbthick_solid\u00bb divider_width=\u00bbone_third\u00bb border_color=\u00bb#07b8ea\u00bb margin_top=\u00bb0&#8243;][\/vc_column_inner][\/vc_row_inner][\/vc_column][\/mk_page_section][mk_page_section bg_color=\u00bb#004477&#8243; sidebar=\u00bbsidebar-1&#8243;][vc_column][mk_fancy_title color=\u00bb#ffffff\u00bb size=\u00bb30&#8243; font_weight=\u00bbbold\u00bb margin_top=\u00bb10&#8243; margin_bottom=\u00bb10&#8243; font_family=\u00bbnone\u00bb]Objetivos.[\/mk_fancy_title][vc_row_inner][vc_column_inner width=\u00bb1\/2&#8243;][mk_padding_divider][mk_custom_list style=\u00bbe634&#8243;]\n<ul style=\"color: #ffffff;\">\n<li>Desarrollar proyectos de investigaci\u00f3n que permitan aumentar las capacidades de los grupos sociales vulnerables desde una perspectiva de inclusi\u00f3n y protecci\u00f3n social.<\/li>\n<li>Promover y ejecutar estrategias para el trabajo colaborativo entre el Estado, instituciones, organizaciones y sociedad civil sobre pol\u00edticas de prevenci\u00f3n y protecci\u00f3n con adolescentes.<\/li>\n<li>Ser consultor en pol\u00edticas y estrategias de evaluaci\u00f3n del Sistema de Responsabilidad Penal para Adolescentes.<\/li>\n<\/ul>\n[\/mk_custom_list][\/vc_column_inner][vc_column_inner width=\u00bb1\/2&#8243;][mk_image src=\u00bbhttps:\/\/inis.com.co\/wp-content\/uploads\/2021\/03\/trabajo-en-equipo.png\u00bb image_width=\u00bb576&#8243; align=\u00bbcenter\u00bb][mk_padding_divider][\/vc_column_inner][\/vc_row_inner][\/vc_column][\/mk_page_section][mk_page_section][vc_column][mk_padding_divider][vc_column_text]\n<h2><strong>Subdirectora<\/strong><\/h2>\n[\/vc_column_text][mk_divider style=\u00bbthick_solid\u00bb divider_width=\u00bbone_third\u00bb align=\u00bbleft\u00bb margin_top=\u00bb0&#8243;][vc_column_text]\n<h3>Sandra Jazm\u00edn Ortiz Y\u00e9pez<\/h3>\n[\/vc_column_text][\/vc_column][\/mk_page_section][mk_page_section min_height=\u00bb0&#8243; visibility=\u00bbhidden-sm\u00bb sidebar=\u00bbsidebar-1&#8243;][vc_column][\/vc_column][\/mk_page_section]\n","protected":false},"excerpt":{"rendered":"<p>[mk_page_section bg_image=\u00bbhttps:\/\/inis.com.co\/wp-content\/uploads\/2021\/03\/Quienes-somos-banner.jpg\u00bb bg_position=\u00bbcenter center\u00bb sidebar=\u00bbsidebar-1&#8243;][vc_column][mk_fancy_title color=\u00bb#ffffff\u00bb size=\u00bb40&#8243; font_weight=\u00bbbold\u00bb margin_top=\u00bb10&#8243; margin_bottom=\u00bb10&#8243; font_family=\u00bbnone\u00bb align=\u00bbcenter\u00bb]Centro de Protecci\u00f3n e inclusi\u00f3n social[\/mk_fancy_title][\/vc_column][\/mk_page_section][mk_page_section][vc_column][\/vc_column][\/mk_page_section][mk_page_section][vc_column][vc_row_inner][vc_column_inner][vc_column_text align=\u00bbcenter\u00bb] Subdirecci\u00f3n de Protecci\u00f3n e inclusi\u00f3n social es una unidad acad\u00e9mica y administrativa del Instituto Nacional de Investigaci\u00f3n social [\/vc_column_text][mk_divider style=\u00bbthick_solid\u00bb divider_width=\u00bbone_third\u00bb border_color=\u00bb#07b8ea\u00bb margin_top=\u00bb0&#8243;][\/vc_column_inner][\/vc_row_inner][\/vc_column][\/mk_page_section][mk_page_section bg_color=\u00bb#004477&#8243; sidebar=\u00bbsidebar-1&#8243;][vc_column][mk_fancy_title color=\u00bb#ffffff\u00bb size=\u00bb30&#8243; font_weight=\u00bbbold\u00bb margin_top=\u00bb10&#8243; margin_bottom=\u00bb10&#8243; font_family=\u00bbnone\u00bb]Objetivos.[\/mk_fancy_title][vc_row_inner][vc_column_inner width=\u00bb1\/2&#8243;][mk_padding_divider][mk_custom_list style=\u00bbe634&#8243;] Desarrollar proyectos de investigaci\u00f3n [&hellip;]<\/p>\n","protected":false},"author":1,"featured_media":0,"parent":0,"menu_order":0,"comment_status":"closed","ping_status":"closed","template":"","meta":[],"_links":{"self":[{"href":"https:\/\/inis.com.co\/index.php\/wp-json\/wp\/v2\/pages\/87"}],"collection":[{"href":"https:\/\/inis.com.co\/index.php\/wp-json\/wp\/v2\/pages"}],"about":[{"href":"https:\/\/inis.com.co\/index.php\/wp-json\/wp\/v2\/types\/page"}],"author":[{"embeddable":true,"href":"https:\/\/inis.com.co\/index.php\/wp-json\/wp\/v2\/users\/1"}],"replies":[{"embeddable":true,"href":"https:\/\/inis.com.co\/index.php\/wp-json\/wp\/v2\/comments?post=87"}],"version-history":[{"count":14,"href":"https:\/\/inis.com.co\/index.php\/wp-json\/wp\/v2\/pages\/87\/revisions"}],"predecessor-version":[{"id":253,"href":"https:\/\/inis.com.co\/index.php\/wp-json\/wp\/v2\/pages\/87\/revisions\/253"}],"wp:attachment":[{"href":"https:\/\/inis.com.co\/index.php\/wp-json\/wp\/v2\/media?parent=87"}],"curies":[{"name":"wp","href":"https:\/\/api.w.org\/{rel}","templated":true}]}}