{"id":609,"date":"2021-03-26T04:33:02","date_gmt":"2021-03-26T04:33:02","guid":{"rendered":"https:\/\/inis.com.co\/?page_id=609"},"modified":"2021-06-03T16:47:31","modified_gmt":"2021-06-03T16:47:31","slug":"oiga-senor-y-ese-fusil-para-que-pedagogia-de-la-memoria-para-el-nunca-mas","status":"publish","type":"page","link":"https:\/\/inis.com.co\/index.php\/oiga-senor-y-ese-fusil-para-que-pedagogia-de-la-memoria-para-el-nunca-mas\/","title":{"rendered":"\u00bfOiga se\u00f1or y ese fusil para qu\u00e9? Pedagog\u00eda de la memoria para el nunca m\u00e1s"},"content":{"rendered":"[mk_page_section][vc_column width=\u00bb1\/2&#8243;][mk_padding_divider size=\u00bb78&#8243;][mk_image src=\u00bbhttps:\/\/inis.com.co\/wp-content\/uploads\/2021\/03\/fusil.png\u00bb image_size=\u00bblarge\u00bb][\/vc_column][vc_column width=\u00bb1\/2&#8243;][mk_padding_divider][vc_column_text]<strong>T\u00edtulo de la obra:<\/strong><\/p>\n<p>\u00bfOiga se\u00f1or y ese fusil para qu\u00e9? Pedagog\u00eda de la memoria para el<br \/>\nnunca m\u00e1s<\/p>\n<p><strong>Autor(es):<\/strong><\/p>\n<p>Piedad Ortega Valencia<\/p>\n<p>Jeritza Merchan Diaz<\/p>\n<p>Clara Castro S\u00e1nchez<\/p>\n<p><strong>ISBN:<\/strong><\/p>\n<p>978-958-56833-3-8<\/p>\n<p><strong>N\u00famero de p\u00e1ginas:<\/strong>222<\/p>\n<p><strong>PVP: <\/strong>$40.000<\/p>\n<p><strong>A\u00f1o:<\/strong> 2018<\/p>\n<p><strong>Resumen:<\/strong><\/p>\n<p>Este libro da cuenta de unos trazos sobre la memoria del conflicto<br \/>\nsocial y armado en el que, a modo de diversas composiciones, se tejen unos<br \/>\ninterrogantes sobre: \u00bfqu\u00e9 necesitamos aprender de nuestro pasado reciente<br \/>\npara posibilitar formas de relaci\u00f3n basadas en el reconocimiento del otro.[\/vc_column_text][mk_button dimension=\u00bboutline\u00bb size=\u00bblarge\u00bb]Descargar[\/mk_button][\/vc_column][\/mk_page_section][mk_page_section bg_color=\u00bb#004477&#8243; sidebar=\u00bbsidebar-1&#8243;][vc_column width=\u00bb1\/2&#8243;][mk_padding_divider][mk_fancy_title color=\u00bb#ffffff\u00bb size=\u00bb34&#8243; font_family=\u00bbnone\u00bb align=\u00bbright\u00bb]Autor: Piedad Ortega Valencia[\/mk_fancy_title][vc_column_text align=\u00bbright\u00bb]\n<p style=\"text-align: right; color: #ffffff;\">Lorem ipsum dolor sit amet consectetur adipiscing elit, libero curabitur montes sodales vestibulum platea, rutrum faucibus etiam fringilla volutpat hac. Ultrices ad egestas habitant sociis aliquet torquent volutpat quam, morbi interdum vestibulum arcu suspendisse integer sociosqu<\/p>\n[\/vc_column_text][\/vc_column][vc_column width=\u00bb1\/2&#8243;][mk_padding_divider][mk_circle_image src=\u00bbhttps:\/\/inis.com.co\/wp-content\/uploads\/2021\/05\/open-book-pages-wallpaper-43887-44971-hd-wallpapers.jpg\u00bb image_diameter=\u00bb200&#8243;][mk_padding_divider][\/vc_column][\/mk_page_section][mk_page_section sidebar=\u00bbsidebar-1&#8243;][vc_column][\/vc_column][\/mk_page_section]\n","protected":false},"excerpt":{"rendered":"<p>[mk_page_section][vc_column width=\u00bb1\/2&#8243;][mk_padding_divider size=\u00bb78&#8243;][mk_image src=\u00bbhttps:\/\/inis.com.co\/wp-content\/uploads\/2021\/03\/fusil.png\u00bb image_size=\u00bblarge\u00bb][\/vc_column][vc_column width=\u00bb1\/2&#8243;][mk_padding_divider][vc_column_text]T\u00edtulo de la obra: \u00bfOiga se\u00f1or y ese fusil para qu\u00e9? Pedagog\u00eda de la memoria para el nunca m\u00e1s Autor(es): Piedad Ortega Valencia Jeritza Merchan Diaz Clara Castro S\u00e1nchez ISBN: 978-958-56833-3-8 N\u00famero de p\u00e1ginas:222 PVP: $40.000 A\u00f1o: 2018 Resumen: Este libro da cuenta de unos trazos sobre la memoria del [&hellip;]<\/p>\n","protected":false},"author":2,"featured_media":0,"parent":0,"menu_order":0,"comment_status":"closed","ping_status":"closed","template":"","meta":[],"_links":{"self":[{"href":"https:\/\/inis.com.co\/index.php\/wp-json\/wp\/v2\/pages\/609"}],"collection":[{"href":"https:\/\/inis.com.co\/index.php\/wp-json\/wp\/v2\/pages"}],"about":[{"href":"https:\/\/inis.com.co\/index.php\/wp-json\/wp\/v2\/types\/page"}],"author":[{"embeddable":true,"href":"https:\/\/inis.com.co\/index.php\/wp-json\/wp\/v2\/users\/2"}],"replies":[{"embeddable":true,"href":"https:\/\/inis.com.co\/index.php\/wp-json\/wp\/v2\/comments?post=609"}],"version-history":[{"count":4,"href":"https:\/\/inis.com.co\/index.php\/wp-json\/wp\/v2\/pages\/609\/revisions"}],"predecessor-version":[{"id":916,"href":"https:\/\/inis.com.co\/index.php\/wp-json\/wp\/v2\/pages\/609\/revisions\/916"}],"wp:attachment":[{"href":"https:\/\/inis.com.co\/index.php\/wp-json\/wp\/v2\/media?parent=609"}],"curies":[{"name":"wp","href":"https:\/\/api.w.org\/{rel}","templated":true}]}}

¿Oiga señor y ese fusil para qué? Pedagogía de la memoria para el nunca más

[mk_page_section][vc_column width=»1/2&#8243;][mk_padding_divider size=»78&#8243;][mk_image src=»https://inis.com.co/wp-content/uploads/2021/03/fusil.png» image_size=»large»][/vc_column][vc_column width=»1/2&#8243;][mk_padding_divider][vc_column_text]<strong>Título de la obra:</strong></p>
<p>¿Oiga señor y ese fusil para qué? Pedagogía de la memoria para el<br />
nunca más</p>
<p><strong>Autor(es):</strong></p>
<p>Piedad Ortega Valencia</p>
<p>Jeritza Merchan Diaz</p>
<p>Clara Castro Sánchez</p>
<p><strong>ISBN:</strong></p>
<p>978-958-56833-3-8</p>
<p><strong>Número de páginas:</strong>222</p>
<p><strong>PVP: </strong>$40.000</p>
<p><strong>Año:</strong> 2018</p>
<p><strong>Resumen:</strong></p>
<p>Este libro da cuenta de unos trazos sobre la memoria del conflicto<br />
social y armado en el que, a modo de diversas composiciones, se tejen unos<br />
interrogantes sobre: ¿qué necesitamos aprender de nuestro pasado reciente<br />
para posibilitar formas de relación basadas en el reconocimiento del otro.[/vc_column_text][mk_button dimension=»outline» size=»large»]Descargar[/mk_button][/vc_column][/mk_page_section][mk_page_section bg_color=»#004477&#8243; sidebar=»sidebar-1&#8243;][vc_column width=»1/2&#8243;][mk_padding_divider][mk_fancy_title color=»#ffffff» size=»34&#8243; font_family=»none» align=»right»]Autor: Piedad Ortega Valencia[/mk_fancy_title][vc_column_text align=»right»]
<p style="text-align: right; color: #ffffff;">Lorem ipsum dolor sit amet consectetur adipiscing elit, libero curabitur montes sodales vestibulum platea, rutrum faucibus etiam fringilla volutpat hac. Ultrices ad egestas habitant sociis aliquet torquent volutpat quam, morbi interdum vestibulum arcu suspendisse integer sociosqu</p>
[/vc_column_text][/vc_column][vc_column width=»1/2&#8243;][mk_padding_divider][mk_circle_image src=»https://inis.com.co/wp-content/uploads/2021/05/open-book-pages-wallpaper-43887-44971-hd-wallpapers.jpg» image_diameter=»200&#8243;][mk_padding_divider][/vc_column][/mk_page_section][mk_page_section sidebar=»sidebar-1&#8243;][vc_column][/vc_column][/mk_page_section]

<p>[mk_page_section][vc_column width=»1/2&#8243;][mk_padding_divider size=»78&#8243;][mk_image src=»https://inis.com.co/wp-content/uploads/2021/03/fusil.png» image_size=»large»][/vc_column][vc_column width=»1/2&#8243;][mk_padding_divider][vc_column_text]Título de la obra: ¿Oiga señor y ese fusil para qué? Pedagogía de la memoria para el nunca más Autor(es): Piedad Ortega Valencia Jeritza Merchan Diaz Clara Castro Sánchez ISBN: 978-958-56833-3-8 Número de páginas:222 PVP: $40.000 Año: 2018 Resumen: Este libro da cuenta de unos trazos sobre la memoria del [&hellip;]</p>
