{"id":604,"date":"2021-03-26T04:28:16","date_gmt":"2021-03-26T04:28:16","guid":{"rendered":"https:\/\/inis.com.co\/?page_id=604"},"modified":"2021-06-03T16:50:44","modified_gmt":"2021-06-03T16:50:44","slug":"ensayos-de-semiotica-y-estetica-aplicada","status":"publish","type":"page","link":"https:\/\/inis.com.co\/index.php\/ensayos-de-semiotica-y-estetica-aplicada\/","title":{"rendered":"Ensayos de Semi\u00f3tica y est\u00e9tica aplicada."},"content":{"rendered":"[mk_page_section][vc_column width=\u00bb1\/2&#8243;][mk_padding_divider size=\u00bb78&#8243;][mk_image src=\u00bbhttps:\/\/inis.com.co\/wp-content\/uploads\/2021\/03\/Semiotica-png.png\u00bb image_size=\u00bblarge\u00bb][\/vc_column][vc_column width=\u00bb1\/2&#8243;][mk_padding_divider][vc_column_text]<strong>T\u00edtulo de la obra:<\/strong><\/p>\n<p>Ensayos de Semi\u00f3tica y est\u00e9tica aplicada. La producci\u00f3n social del<br \/>\nsentido de los otros.<\/p>\n<p><strong>Autor(es):<\/strong><\/p>\n<p>Ra\u00fal Cuadros Contreras<\/p>\n<p><strong>ISBN:<\/strong><\/p>\n<p>978-958-56509-9-2<\/p>\n<p><strong>N\u00famero de p\u00e1ginas:<\/strong>218<\/p>\n<p><strong>PVP: <\/strong>$45.000<\/p>\n<p><strong>A\u00f1o:<\/strong> 2018<\/p>\n<p><strong>Resumen:<\/strong><\/p>\n<p>Se trata de una compilaci\u00f3n y como tal de recorridos dispersos por<br \/>\nm\u00faltiples caminos, recuperados aqu\u00ed por un efecto de memoria reflexiva. Son<br \/>\ndos los grandes asuntos que, de una u otra manera, atraviesan todo el libro: el<br \/>\nproblema de la t\u00e9cnica y el problema de la alteridad. Ambos mediatizados por<br \/>\ndispositivos te\u00f3ricos y anal\u00edticos provenientes de la semi\u00f3tica y de la est\u00e9tica,<br \/>\nque revisten en mi historia intelectual un car\u00e1cter antropol\u00f3gico.[\/vc_column_text][mk_button dimension=\u00bboutline\u00bb size=\u00bblarge\u00bb]Descargar[\/mk_button][\/vc_column][\/mk_page_section][mk_page_section bg_color=\u00bb#004477&#8243; sidebar=\u00bbsidebar-1&#8243;][vc_column width=\u00bb1\/2&#8243;][mk_padding_divider][mk_fancy_title color=\u00bb#ffffff\u00bb size=\u00bb34&#8243; font_family=\u00bbnone\u00bb align=\u00bbright\u00bb]Autor: Ra\u00fal Cuadros Contreras[\/mk_fancy_title][vc_column_text align=\u00bbright\u00bb]\n<p style=\"text-align: right; color: #ffffff;\">Lorem ipsum dolor sit amet consectetur adipiscing elit, libero curabitur montes sodales vestibulum platea, rutrum faucibus etiam fringilla volutpat hac. Ultrices ad egestas habitant sociis aliquet torquent volutpat quam, morbi interdum vestibulum arcu suspendisse integer sociosqu<\/p>\n[\/vc_column_text][\/vc_column][vc_column width=\u00bb1\/2&#8243;][mk_padding_divider][mk_circle_image src=\u00bbhttps:\/\/inis.com.co\/wp-content\/uploads\/2021\/05\/open-book-pages-wallpaper-43887-44971-hd-wallpapers.jpg\u00bb image_diameter=\u00bb200&#8243;][mk_padding_divider][\/vc_column][\/mk_page_section][mk_page_section sidebar=\u00bbsidebar-1&#8243;][vc_column][\/vc_column][\/mk_page_section]\n","protected":false},"excerpt":{"rendered":"<p>[mk_page_section][vc_column width=\u00bb1\/2&#8243;][mk_padding_divider size=\u00bb78&#8243;][mk_image src=\u00bbhttps:\/\/inis.com.co\/wp-content\/uploads\/2021\/03\/Semiotica-png.png\u00bb image_size=\u00bblarge\u00bb][\/vc_column][vc_column width=\u00bb1\/2&#8243;][mk_padding_divider][vc_column_text]T\u00edtulo de la obra: Ensayos de Semi\u00f3tica y est\u00e9tica aplicada. La producci\u00f3n social del sentido de los otros. Autor(es): Ra\u00fal Cuadros Contreras ISBN: 978-958-56509-9-2 N\u00famero de p\u00e1ginas:218 PVP: $45.000 A\u00f1o: 2018 Resumen: Se trata de una compilaci\u00f3n y como tal de recorridos dispersos por m\u00faltiples caminos, recuperados aqu\u00ed por un [&hellip;]<\/p>\n","protected":false},"author":2,"featured_media":0,"parent":0,"menu_order":0,"comment_status":"closed","ping_status":"closed","template":"","meta":[],"_links":{"self":[{"href":"https:\/\/inis.com.co\/index.php\/wp-json\/wp\/v2\/pages\/604"}],"collection":[{"href":"https:\/\/inis.com.co\/index.php\/wp-json\/wp\/v2\/pages"}],"about":[{"href":"https:\/\/inis.com.co\/index.php\/wp-json\/wp\/v2\/types\/page"}],"author":[{"embeddable":true,"href":"https:\/\/inis.com.co\/index.php\/wp-json\/wp\/v2\/users\/2"}],"replies":[{"embeddable":true,"href":"https:\/\/inis.com.co\/index.php\/wp-json\/wp\/v2\/comments?post=604"}],"version-history":[{"count":5,"href":"https:\/\/inis.com.co\/index.php\/wp-json\/wp\/v2\/pages\/604\/revisions"}],"predecessor-version":[{"id":918,"href":"https:\/\/inis.com.co\/index.php\/wp-json\/wp\/v2\/pages\/604\/revisions\/918"}],"wp:attachment":[{"href":"https:\/\/inis.com.co\/index.php\/wp-json\/wp\/v2\/media?parent=604"}],"curies":[{"name":"wp","href":"https:\/\/api.w.org\/{rel}","templated":true}]}}

Ensayos de Semiótica y estética aplicada.

[mk_page_section][vc_column width=»1/2&#8243;][mk_padding_divider size=»78&#8243;][mk_image src=»https://inis.com.co/wp-content/uploads/2021/03/Semiotica-png.png» image_size=»large»][/vc_column][vc_column width=»1/2&#8243;][mk_padding_divider][vc_column_text]<strong>Título de la obra:</strong></p>
<p>Ensayos de Semiótica y estética aplicada. La producción social del<br />
sentido de los otros.</p>
<p><strong>Autor(es):</strong></p>
<p>Raúl Cuadros Contreras</p>
<p><strong>ISBN:</strong></p>
<p>978-958-56509-9-2</p>
<p><strong>Número de páginas:</strong>218</p>
<p><strong>PVP: </strong>$45.000</p>
<p><strong>Año:</strong> 2018</p>
<p><strong>Resumen:</strong></p>
<p>Se trata de una compilación y como tal de recorridos dispersos por<br />
múltiples caminos, recuperados aquí por un efecto de memoria reflexiva. Son<br />
dos los grandes asuntos que, de una u otra manera, atraviesan todo el libro: el<br />
problema de la técnica y el problema de la alteridad. Ambos mediatizados por<br />
dispositivos teóricos y analíticos provenientes de la semiótica y de la estética,<br />
que revisten en mi historia intelectual un carácter antropológico.[/vc_column_text][mk_button dimension=»outline» size=»large»]Descargar[/mk_button][/vc_column][/mk_page_section][mk_page_section bg_color=»#004477&#8243; sidebar=»sidebar-1&#8243;][vc_column width=»1/2&#8243;][mk_padding_divider][mk_fancy_title color=»#ffffff» size=»34&#8243; font_family=»none» align=»right»]Autor: Raúl Cuadros Contreras[/mk_fancy_title][vc_column_text align=»right»]
<p style="text-align: right; color: #ffffff;">Lorem ipsum dolor sit amet consectetur adipiscing elit, libero curabitur montes sodales vestibulum platea, rutrum faucibus etiam fringilla volutpat hac. Ultrices ad egestas habitant sociis aliquet torquent volutpat quam, morbi interdum vestibulum arcu suspendisse integer sociosqu</p>
[/vc_column_text][/vc_column][vc_column width=»1/2&#8243;][mk_padding_divider][mk_circle_image src=»https://inis.com.co/wp-content/uploads/2021/05/open-book-pages-wallpaper-43887-44971-hd-wallpapers.jpg» image_diameter=»200&#8243;][mk_padding_divider][/vc_column][/mk_page_section][mk_page_section sidebar=»sidebar-1&#8243;][vc_column][/vc_column][/mk_page_section]

<p>[mk_page_section][vc_column width=»1/2&#8243;][mk_padding_divider size=»78&#8243;][mk_image src=»https://inis.com.co/wp-content/uploads/2021/03/Semiotica-png.png» image_size=»large»][/vc_column][vc_column width=»1/2&#8243;][mk_padding_divider][vc_column_text]Título de la obra: Ensayos de Semiótica y estética aplicada. La producción social del sentido de los otros. Autor(es): Raúl Cuadros Contreras ISBN: 978-958-56509-9-2 Número de páginas:218 PVP: $45.000 Año: 2018 Resumen: Se trata de una compilación y como tal de recorridos dispersos por múltiples caminos, recuperados aquí por un [&hellip;]</p>
